ppose -3*o = o + a - 599, -462 = -m*o - 5*a. List the prime factors of o.
149
Suppose -5*d = -2*d + d. Suppose 9*j + 2*j - 330 = d. What are the prime factors of j?
2, 3, 5
Let u = -93 - -93. Let d(p) = p**2 + 2*p + 1. Let h be d(-1). Suppose h*g - 2*g + 30 = u. What are the prime factors of g?
3, 5
Let u(f) = -9*f + 40. Let n be u(4). Suppose -4*k - j + 973 = 0, 15 = -n*j + 7*j. List the prime factors of k.
2, 11
Let j(c) = c**2 - 4*c + 0*c**2 + 8*c. Let z be j(-10). Let m = -31 + z. What are the prime factors of m?
29
Let o(b) = -3*b + 0*b - 9 - 5*b - 10*b. List the prime factors of o(-1).
3
Suppose 3*r = r. Suppose o + o - 4 = r. Suppose 0 = -s + 3*q - o*q + 9, -2*s - 5*q = -39. What are the prime factors of s?
2, 3
Let x(f) be the third derivative of -f**6/120 + 2*f**5/15 - f**4/3 + 4*f**3/3 - 5*f**2. Let c be x(7). What are the prime factors of ((-5)/2)/(c/(-2))?
5
Suppose 0 = 54*m - 58*m + 2832. What are the prime factors of m?
2, 3, 59
Suppose 0 = -d - 2*i + 198, -250 = 5*d - 4*i - 1254. Suppose d = v - q, -809 = -4*v - 0*q + q. What are the prime factors of v?
7, 29
Let l(h) = h**2 - 6*h - 8. Let j = 7 + 1. Let v be l(j). Let i(f) = -f**2 + 9*f. What are the prime factors of i(v)?
2
Let p = 23 + -30. Let r(b) = -b**3 - 4*b**2 + 5*b - 19. What are the prime factors of r(p)?
3, 31
Suppose -5*s + 108 = -512. Suppose 5*h - 2*b = -398, 0 = -3*h - 2*b + s - 366. Let l = -51 - h. What are the prime factors of l?
29
Let m be 182/4 + (-3)/6. Suppose 0 = 2*q - 119 - m. List the prime factors of q.
2, 41
Suppose -18 = -5*t + y + 22, -y = -3*t + 26. List the prime factors of ((-12)/t)/3 + 7896/98.
2, 5
Let n(f) = 0 + 13 - 2*f**2 - 37*f - 15*f. What are the prime factors of n(-25)?
3, 7
Suppose -2*f - 22 = -2*r + 8, 4*f = -5*r + 57. Let q = r + -9. What are the prime factors of q?
2
Let i(u) = -u + 9. Let b be i(6). Suppose -264 = 3*r - 7*r. Suppose b*f = f + r. What are the prime factors of f?
3, 11
Suppose 24*x - 48193 - 31535 = 0. What are the prime factors of x?
2, 11, 151
Suppose -44*b + 42*b = -2544. What are the prime factors of b?
2, 3, 53
Let w(g) = -g**2 + 4*g + 6. Let z be w(3). Suppose -6 - z = -t. List the prime factors of t.
3, 5
Let z be -3 + (15 - (-6)/(-3)). Let u(p) = -z*p + 5*p + 3 + 9*p - p**3. List the prime factors of u(-3).
2, 3
Let x(t) = -t**3 - 7*t**2 + t - 13. Let v be x(-8). Suppose z + 3*z = m + v, -3*z = -2*m - 26. What are the prime factors of z?
2, 3
Let h = -54 - -59. Let u(z) = -11*z - 1. Let i be u(-1). Suppose h*j + 30 = 5*t, -4*j = -3*t + i + 4. What are the prime factors of t?
2, 5
Suppose 0 + 33 = 3*r. Let k(b) = b**2 - 10*b - 11. Let x be k(r). Let z(a) = -a**2 + 2*a + 13. List the prime factors of z(x).
13
Let h(c) = -c**3 + 20*c**2 - 18*c - 9. Let u be h(13). Suppose a = -3*a + u. List the prime factors of a.
5, 47
Suppose 11*k = 4*g + 12*k - 9470, 5*g = -4*k + 11832. List the prime factors of g.
2, 37
Let l be 0/(1/(0 + 1)). Suppose 5*g + 15 = 0, k - 3*g + 4 = -l*g. What are the prime factors of (-1 + k)/(1/(-2))?
2, 7
List the prime factors of ((-168)/105)/((-2)/140).
2, 7
Let k = 52 - 50. Suppose -3*p - 2*a + 312 = p, k*a - 75 = -p. What are the prime factors of p?
79
Let r = 16 + -43. Let h = r + -12. Let n = h - -62. List the prime factors of n.
23
Suppose -5*k = 5*g, 4*g = g - 9. Suppose k*x + 0*x = 21. Suppose 2*j - x = 41. What are the prime factors of j?
2, 3
Let w(c) = 139*c**3 + 3*c**2 - 5*c + 1. List the prime factors of w(1).
2, 3, 23
List the prime factors of -47 - -46 - (-458 + 2 - -2).
3, 151
Let t(r) = 6*r**2 + 4*r + 3. Let s be t(-1). Suppose -127 = 3*y - s*y - 3*i, -5*y = 2*i - 290. What are the prime factors of y?
2, 7
Let u = 372 + 611. List the prime factors of u.
983
Let q = -1650 + 2941. List the prime factors of q.
1291
Suppose -4*x - 5*y + 70 + 26 = 0, 3*x - y = 72. Suppose 2*c + 6 = -8. Let p = c + x. List the prime factors of p.
17
Let c be (-54)/((6/9)/(-1)). Let q = -54 + c. List the prime factors of q.
3
Let v be ((-84)/(-18))/(2/(-6)). Let c be 7/v + (-7)/(-2). List the prime factors of (c/6)/((-2)/(-36)).
3
Let g be (1/2)/(4/(-8)). Let o be -6*(-2)/3 - g. Let k = 5 + o. List the prime factors of k.
2, 5
Let o = 416 - 597. Let y = o - -381. Suppose -3*d + 4*k = -5*d + 72, 5*d + 5*k - y = 0. What are the prime factors of d?
2, 11
Let s(j) = -9*j**3 + 1. Let c be s(-1). Let h(i) = -i**3 + 11*i**2 - 10*i + 11. Let q be h(c). Let d(l) = -l**2 + 14*l + 4. List the prime factors of d(q).
37
Let g be ((-48)/40)/(4/(-10)). Suppose -g*s = -4*s. Suppose s*c + 10 = c. What are the prime factors of c?
2, 5
Suppose -b - 20 = -4*w, -4*w + 0*b = -3*b - 28. Suppose 3*o = 3*s - 438, 0*s = w*s + 5*o - 557. What are the prime factors of s?
11, 13
Suppose 7*c = 4*c - 2*n + 2337, 0 = -4*n - 12. What are the prime factors of c?
11, 71
Let f(d) = -d**3 + 22*d**2 - 25*d + 73. List the prime factors of f(13).
3, 47
Let x be (2/3 + 0)*9. Let q(a) = a**2 + 3*a + 6. Let s be q(x). Suppose -4*y + s = 2*z + 3*z, y = 2*z + 15. List the prime factors of y.
3, 5
Let w(l) = 2*l**2 + 6*l + 7. Let q be w(-4). Suppose 3*x - 13 + 128 = 2*r, -q = 3*x. List the prime factors of r.
2, 5
Let s = 670 + -354. What are the prime factors of s?
2, 79
Let j(a) = 3*a**2 - 5*a - 4. Let z be j(6). Suppose -5*d + 21 = -z. What are the prime factors of d?
19
Suppose 38*w + 2*w - 34840 = 0. What are the prime factors of w?
13, 67
Let i(z) = -z + 3. Let b be i(-3). Suppose b*t - 2*t = 84. List the prime factors of t.
3, 7
Suppose 0 = -4*q - 5*x + 3753, 0 = 4*x + x + 15. What are the prime factors of q?
2, 3, 157
Let i(y) = 24*y**2 - 31*y + 121. What are the prime factors of i(5)?
2, 283
Let p(d) = d**3 - 3*d**2 + 2. Let f be p(3). Suppose f*w + 3*m = 6*w - 41, 0 = -w + 3*m + 17. List the prime factors of w.
2
Let x be (-4)/(0 + 2) - 5. Let k = x + 9. Suppose 2*s + k - 26 = 0. What are the prime factors of s?
2, 3
Let d = 37 - 27. Let j(i) = 16*i + 16. What are the prime factors of j(d)?
2, 11
List the prime factors of 711 + -16*(-4)/8.
719
Suppose -z + 19 = 2*b, -3*b - 3 = -0*b. Suppose 0 = -2*i + z + 17. List the prime factors of i.
19
Suppose -21*g + 20*g = 147. Let q be ((-32)/(-3))/((-7)/g). Suppose -5*t + q = 39. List the prime factors of t.
37
What are the prime factors of ((-405)/(-36) - -7)/((-1)/(-36))?
3, 73
What are the prime factors of (-360)/3*1763/(-86)?
2, 3, 5, 41
Suppose 0 = -5*v + 4*n - 368, -5*v - 356 = 5*n - 3*n. Let f = 17 - v. What are the prime factors of f?
89
Suppose 9*i = 14*i - 4*g - 1875, i - 4*g - 375 = 0. List the prime factors of i.
3, 5
Let i(u) = u**2 - 6*u - u - 7*u + 32. What are the prime factors of i(14)?
2
Let l(h) = 578*h**2 + 5*h + 18. What are the prime factors of l(-2)?
2, 5, 29
Let w(m) = -m**2 + m + 69. Let a be w(0). Let f = a + -33. List the prime factors of f.
2, 3
Let a = -27 - -50. Suppose 43*f + 40 = 44*f. Let x = f - a. List the prime factors of x.
17
Let p = 4281 - -140. What are the prime factors of p?
4421
Suppose y + 5*n = -34 - 7, 4*n - 147 = 5*y. Let u = y - -35. Suppose 5*c - 171 = -u*h, h - 3*c = 5*h - 181. List the prime factors of h.
7
Let r be (208/10)/(30/75). What are the prime factors of r + (-1 - -4)*(-10)/(-30)?
53
Suppose 0 = 3*v - d - 60, -2*v - d = 2*d - 40. Suppose -123*y = -122*y - v. List the prime factors of y.
2, 5
Let l = -19 + 4. Let u(a) = -a + 33. List the prime factors of u(l).
2, 3
Suppose 5 = 8*w - 27. Suppose -4*y - 71 = -5*a + 4, -w*a + y = -60. Suppose -2*x = -17 - a. What are the prime factors of x?
2
Let p = -2016 + 5898. What are the prime factors of p?
2, 3, 647
Let y = -142 + 147. Let t = 159 - y. What are the prime factors of t?
2, 7, 11
Suppose 3*x - 2*r - 30 = 0, 0 = -3*r - 2*r. Suppose -u + 99 = x*u. What are the prime factors of u?
3
Suppose 350*c + 2094 = 352*c. List the prime factors of c.
3, 349
What are the prime factors of ((2 - 1) + -2)/(47/(-117406))?
2, 1249
Let w(g) = 20*g + 0 - 4*g - 2. Suppose 2*z + 13 = 17. List the prime factors of w(z).
2, 3, 5
Suppose -5*t = -b - 206, 5*b + 64 = t + t. What are the prime factors of 4/(-14) + 4380/t?
2, 13
Let i be ((-1)/2)/(((-55)/10)/(-11)). What are the prime factors of i + 70 - (8 - (-6)/(-1))?
67
Let m(p) = 11*p + 29. Let l be m(13). Suppose -x = -2*n - l, -2*x + 5*n = -53 - 286.